en 20 is divided by z.
6
Suppose 0 = 7*n - 2*n - 3*p - 27, 4*p + 13 = -n. Suppose -j + 182 = 3*h, -n*h - j - 252 = -7*h. Calculate the remainder when h is divided by 13.
10
Suppose -y + 93 = 2*y. Suppose -y = 4*q - 219. Calculate the remainder when q is divided by 12.
11
Calculate the remainder when 60 is divided by (-2 - (11 + 3))*-1.
12
Suppose 4*z + 27 = k, -3*z - 18 = -k + 7. Calculate the remainder when k is divided by 10.
9
Let y = 21 - 18. Calculate the remainder when 11 is divided by y.
2
Let u be (-5)/2*4/5. Let t be 24 + 2 + u/1. Suppose s - 4*s + t = 0. Calculate the remainder when 14 is divided by s.
6
Suppose 2*t = n - 25, -2*n + 25 = -t - 34. What is the remainder when 433 is divided by n?
30
Let h(l) = 5*l - 25. Calculate the remainder when 7 is divided by h(6).
2
Suppose 55 = 4*k + 3*t, -t + 2 = t. What is the remainder when (12/(-10))/(4/(-170)) is divided by k?
12
Let y = 250 + -170. Let v = -43 + 52. Suppose -4*u + v*u = y. Calculate the remainder when u is divided by 6.
4
Suppose -6*z - 194 + 824 = 0. Calculate the remainder when z is divided by 36.
33
Suppose -5*z + z = -212. Calculate the remainder when z is divided by 11.
9
Let u be ((-5)/(-10))/(1/22). Suppose -o = -u - 1. Suppose 0*k - 2*k = -o. Calculate the remainder when 17 is divided by k.
5
Let l be (-1 - -4 - 2)*0. What is the remainder when 3/(l + (-6)/(-32)) is divided by 9?
7
Suppose 2*a - 44 + 7 = c, -a = 4*c - 32. Let i(k) = 2*k**2 + 39. Let w(p) = -p**2 - 2*p + 8. Let l be w(-4). What is the remainder when i(l) is divided by a?
19
Suppose -k = k + 144. What is the remainder when ((-6)/(-9))/((-2)/k) is divided by 5?
4
Let p(a) = a**3 - 11*a**2 + 6. Let i be p(11). Let x = i - -1. Calculate the remainder when 17 is divided by x.
3
Let s be 4*3/(12/79). Suppose -4*g = 3*h - s, 2*g - 55 = -g + 2*h. What is the remainder when g is divided by 10?
9
Calculate the remainder when 178 is divided by (2/6)/((-26)/(-2808)).
34
Suppose -5*v - 23 + 123 = 0. Suppose -4*q = -2*n - 0*n + 14, 4*q = v. Calculate the remainder when 32 is divided by n.
15
Suppose -30 = -3*h + h. Suppose 33*r = 45*r - 324. Calculate the remainder when r is divided by h.
12
Let t(y) be the first derivative of -y**4/4 + 10*y**3/3 - 4*y**2 + 7*y - 1. Calculate the remainder when 45 is divided by t(9).
13
Suppose 10 = t - 2. What is the remainder when 32 is divided by t?
8
Let s = -3 + 22. What is the remainder when 36 is divided by s?
17
Suppose -k = -4*k + 57. Let c(n) = 4*n - 9. Let s(i) = -8*i + 18. Let l(j) = -11*c(j) - 6*s(j). Calculate the remainder when k is divided by l(4).
5
Suppose -4 - 6 = -3*b + l, -1 = l. Suppose 3*h + 2*t = 49, -h + b*t + 0*t + 9 = 0. Calculate the remainder when 44 is divided by h.
14
Let s(w) = -3*w - 3. Let f be s(-2). Suppose 0*q + f*q = 6. Suppose 0 = -i + q*i - 4. Calculate the remainder when i is divided by 3.
1
Let w(k) = -k**3 + 5*k**2 + k - 13. Calculate the remainder when 25 is divided by w(4).
4
Suppose -90 = -10*h + 10. Suppose -111 = -n - 2*n. What is the remainder when n is divided by h?
7
Let x(c) = c + 15. What is the remainder when 21 is divided by x(-9)?
3
Let i be 3 + (-8)/(-4) + 1. Suppose 4*h = i*h - 46. What is the remainder when 66 is divided by h?
20
Suppose 2*r + 92 = 6*r. Suppose -7*t = -3*t + 12. What is the remainder when t + 0 + 71 + -1 is divided by r?
21
Calculate the remainder when 12 is divided by 11 + 3/(-6)*8.
5
Let q be (-14)/(-35) - (-18)/5. Suppose -5*f + q*m = -16, 5*m + 1 = 4*f - 10. Suppose 1 = -3*w + 7. Calculate the remainder when f is divided by w.
0
Let w = -20 - -39. Suppose 2*b + 12 = -2*v, 5*b + 32 = 4*v + 11. Calculate the remainder when w is divided by (v - 0 - -2)*5.
4
Let q = -15 + 47. Let v = 2 + q. What is the remainder when v is divided by 12?
10
Let k(t) = t - 4. Let x be k(9). Suppose x*c - 34 = 41. What is the remainder when c is divided by 9?
6
Let l(b) = 3*b**2 - 7*b + 11. Calculate the remainder when 66 is divided by l(3).
15
Suppose 15 = 9*d - 6*d. Suppose -d*u + 181 = 4*i, -2*u + 82 = -5*i + 3. Suppose -u = -4*z + 3. What is the remainder when 17 is divided by z?
7
Let k be (-3 + -1)*(-1 - 0). Suppose 9 = -k*s + 93. Suppose -3*y + y = -22. What is the remainder when s is divided by y?
10
Let x be (-21)/(-15) - (-4)/(-10). Suppose -y + 8 = x. Calculate the remainder when y is divided by 4.
3
Let n = -74 - -79. Calculate the remainder when 42 is divided by n.
2
Calculate the remainder when (-984)/(-32) + (-1)/(-4) is divided by 8.
7
Let s(u) = -4*u + 3. Let b(p) = 2*p. Let r be b(-4). Calculate the remainder when s(r) is divided by 9.
8
Calculate the remainder when (-1 + (-50)/(-4))*2 is divided by ((-60)/(-25))/((-1)/(-5)).
11
What is the remainder when 16 is divided by (-36)/(-8)*4/3?
4
Let h(d) = -3*d. Let q = -10 - -13. Let l be h(q). Let u = 22 + l. Calculate the remainder when u is divided by 7.
6
Suppose -4*x + 4 = -3*x. Calculate the remainder when (-24)/(0 - 4)*3/2 is divided by x.
1
Suppose 7*d = 2*d + 20. Let x = d - 4. Suppose x = -5*g - 37 + 187. Calculate the remainder when g is divided by 16.
14
Calculate the remainder when 49 is divided by (-36)/(-63) + 230/14.
15
Let u = 22 - 9. What is the remainder when 64 is divided by u?
12
Let i = 3 + 2. Let s(o) = o**2 + 2*o + 2. Let m be s(-2). Suppose -i*q + 27 = -m*q. What is the remainder when 16 is divided by q?
7
Suppose 4*w + 104 = 5*p + 3*w, -2*w = 2*p - 44. Calculate the remainder when 144 is divided by p.
18
Let k(b) = -b**3 - 6*b**2 - b + 2. Let z be k(-5). Let y = z - -41. Let o(f) = -2*f**3 + 3*f**2 + 5*f + 2. What is the remainder when o(-3) is divided by y?
22
Suppose -2*t = 3*g + 12, 5*t - 3*g + 3 = -6. Let h be 3*(-1 - (-2)/6). What is the remainder when 10 is divided by (-6 + h)*t/4?
4
Let y(j) = -2*j - 12. Let w be y(-9). Suppose 3*v + 33 = w*v. Let t = 55 + -23. Calculate the remainder when t is divided by v.
10
Suppose 0 = -2*y + 4*y + o - 161, -5*y + 419 = -3*o. What is the remainder when y is divided by 22?
16
Let o(x) = -2*x**3 - 4*x**2 - 2*x. What is the remainder when 69 is divided by o(-3)?
21
Let u = 95 + -147. Let x be (-3)/((-3)/(-73))*-1. Let g = u + x. Calculate the remainder when g is divided by 6.
3
Let q = 7 - 3. Calculate the remainder when 13 is divided by q.
1
Let p = 4 - -31. What is the remainder when p is divided by 12?
11
Let i(f) = 10*f + 1. Suppose -n + 4 = -2*z - 6*n, -5*z - 3*n + 28 = 0. What is the remainder when i(3) is divided by z?
7
Calculate the remainder when ((-6)/(-9) - 0)*234/4 is divided by 25.
14
Let i be (-9)/(-12) + (-2)/(-8). Let t = i + 10. What is the remainder when 42 is divided by t?
9
Suppose 0 = 4*o - 20, -4*r - 344 = 4*o - 44. What is the remainder when 41 is divided by 1/1 - r/4?
20
Let a = 17 - 2. Calculate the remainder when 25 is divided by a.
10
Let x be (6/(-5))/((-3)/50). Suppose -4*r = -x + 8. Let v(s) = s**2 - 6*s + 2. What is the remainder when r is divided by v(6)?
1
Suppose 0 = -2*x - 2*x - 16, -4*c = 4*x + 48. Let n(a) = -a - 3. Suppose -3*y + 4*y - s = 14, 2*s = 3*y - 41. Calculate the remainder when y is divided by n(c).
3
Let q(u) = 15*u**2 - 3*u + 1. What is the remainder when 43 is divided by q(1)?
4
Let p(x) = -x**3 + x + 11. Calculate the remainder when 80/(-3)*6/(-5) is divided by p(0).
10
Let j = -1 + 10. Let z(l) = -l**3 - 9*l**2 + 10*l + 2. Let t be z(-10). Suppose -t*o + 26 = -24. Calculate the remainder when o is divided by j.
7
Suppose -72 = -2*m + m + g, 0 = -m - 2*g + 75. What is the remainder when m is divided by 19?
16
What is the remainder when 134 is divided by -1*(0 + 1) + 26 + 2?
26
Let x(t) = 4*t**3 + 24*t**2 + 27*t + 13. Let u(c) = -3*c**3 - 16*c**2 - 18*c - 9. Let b(s) = 7*u(s) + 5*x(s). What is the remainder when 6 is divided by b(9)?
0
Suppose 0 = 2*n - n. Suppose -3*i - 2*i = n. Suppose 0 = 2*s + 4*d - 36, -4*d - 4 = -3*s - i*s. Calculate the remainder when 15 is divided by s.
7
Let c(h) = 13*h**2 + 2*h + 1. Suppose -7 = -p - 54. Let s = p - -82. What is the remainder when s is divided by c(-1)?
11
Let r(m) = -m**3 + 5*m**2 + 5. Let p be r(5). Suppose 52 - 17 = p*k. Calculate the remainder when 26 is divided by k.
5
Let s be -5 + 11 - (1 - 0). Suppose o = 3*j + 15, -63 = -4*o + 2*o - s*j. Calculate the remainder when o is divided by 13.
11